{"id":253,"date":"2021-09-06T14:03:44","date_gmt":"2021-09-06T12:03:44","guid":{"rendered":"https:\/\/nanovibes.c2n.universite-paris-saclay.fr\/?page_id=253"},"modified":"2022-11-14T22:24:52","modified_gmt":"2022-11-14T21:24:52","slug":"spms-laboratoire-structures-proprietes-et-modelisation-des-solides","status":"publish","type":"page","link":"https:\/\/nanovibes.c2n.universite-paris-saclay.fr\/?page_id=253","title":{"rendered":"SPMS &#8211; Laboratoire Structures, Propri\u00e9t\u00e9s et Mod\u00e9lisation des Solides"},"content":{"rendered":"\n<figure class=\"wp-block-image size-full\"><a href=\"http:\/\/spms.centralesupelec.fr\/\"><img loading=\"lazy\" width=\"223\" height=\"237\" src=\"https:\/\/nanovibes.c2n.universite-paris-saclay.fr\/wp-content\/uploads\/2021\/09\/logo-SPMS.jpg\" alt=\"\" class=\"wp-image-254\"\/><\/a><\/figure>\n\n\n\n<div class=\"wp-block-image\"><figure class=\"aligncenter size-large\"><img loading=\"lazy\" width=\"1024\" height=\"584\" src=\"https:\/\/nanovibes.c2n.universite-paris-saclay.fr\/wp-content\/uploads\/2022\/11\/SPMS-description-1024x584.jpg\" alt=\"\" class=\"wp-image-291\" srcset=\"https:\/\/nanovibes.c2n.universite-paris-saclay.fr\/wp-content\/uploads\/2022\/11\/SPMS-description-1024x584.jpg 1024w, https:\/\/nanovibes.c2n.universite-paris-saclay.fr\/wp-content\/uploads\/2022\/11\/SPMS-description-300x171.jpg 300w, https:\/\/nanovibes.c2n.universite-paris-saclay.fr\/wp-content\/uploads\/2022\/11\/SPMS-description-768x438.jpg 768w, https:\/\/nanovibes.c2n.universite-paris-saclay.fr\/wp-content\/uploads\/2022\/11\/SPMS-description-1536x876.jpg 1536w, https:\/\/nanovibes.c2n.universite-paris-saclay.fr\/wp-content\/uploads\/2022\/11\/SPMS-description-2048x1168.jpg 2048w\" sizes=\"(max-width: 1024px) 100vw, 1024px\" \/><\/figure><\/div>\n","protected":false},"excerpt":{"rendered":"","protected":false},"author":2,"featured_media":0,"parent":0,"menu_order":0,"comment_status":"closed","ping_status":"closed","template":"","meta":[],"_links":{"self":[{"href":"https:\/\/nanovibes.c2n.universite-paris-saclay.fr\/index.php?rest_route=\/wp\/v2\/pages\/253"}],"collection":[{"href":"https:\/\/nanovibes.c2n.universite-paris-saclay.fr\/index.php?rest_route=\/wp\/v2\/pages"}],"about":[{"href":"https:\/\/nanovibes.c2n.universite-paris-saclay.fr\/index.php?rest_route=\/wp\/v2\/types\/page"}],"author":[{"embeddable":true,"href":"https:\/\/nanovibes.c2n.universite-paris-saclay.fr\/index.php?rest_route=\/wp\/v2\/users\/2"}],"replies":[{"embeddable":true,"href":"https:\/\/nanovibes.c2n.universite-paris-saclay.fr\/index.php?rest_route=%2Fwp%2Fv2%2Fcomments&post=253"}],"version-history":[{"count":2,"href":"https:\/\/nanovibes.c2n.universite-paris-saclay.fr\/index.php?rest_route=\/wp\/v2\/pages\/253\/revisions"}],"predecessor-version":[{"id":292,"href":"https:\/\/nanovibes.c2n.universite-paris-saclay.fr\/index.php?rest_route=\/wp\/v2\/pages\/253\/revisions\/292"}],"wp:attachment":[{"href":"https:\/\/nanovibes.c2n.universite-paris-saclay.fr\/index.php?rest_route=%2Fwp%2Fv2%2Fmedia&parent=253"}],"curies":[{"name":"wp","href":"https:\/\/api.w.org\/{rel}","templated":true}]}}